s. Determine p(l).
0
Let r(g) = -4*g + 1. Let m be r(-1). Let a(u) = 7*u**2 - 19*u + 8. Let z(q) = 10*q**2 - 28*q + 12. Let h(n) = 7*a(n) - 5*z(n). Determine h(m).
6
Let f(t) = 4*t**3 + 5*t**2 - t + 7. Let n(k) = -2*k**3 - 3*k**2 + k - 4. Let p(b) = 3*f(b) + 5*n(b). What is p(-1)?
-3
Let q(b) = -b**3 + 5*b**2 + b - 6. Let r be q(5). Let a(c) = -10*c**3 - c - 1. What is a(r)?
10
Suppose 5*c - 2*m - 4 = 3*c, -3*c + 2*m = -10. Let x(b) = b**2 - 4*b - 3. What is x(c)?
9
Let v(n) = -4*n + 2*n**3 + 2 + 5*n**2 - n**2 + 8*n. Suppose -5 = -2*k + k. Suppose r - 8 = 4*u, 5*u + k*r + 10 = -0*u. Calculate v(u).
-6
Suppose -4*d - 8 = -5*i, 0 = -4*i - 3*d + 2 - 8. Let v = 7 + -1. Suppose i = -j - j - v. Let y(g) = -g**2 - g + 4. Calculate y(j).
-2
Let x(l) be the first derivative of -l**4/4 + 8*l**3/3 + l**2 - 7*l + 25. What is x(8)?
9
Let u(w) be the third derivative of -w**6/120 + 7*w**5/60 - w**4/6 - w**3 - 3*w**2. Let f be u(6). Let s(t) = -f*t + 5*t + 8 + 2*t. Determine s(-6).
2
Let o(y) = -2*y + 2. Let p = 133 + -131. Give o(p).
-2
Let t(h) be the first derivative of -h**3/3 - 5*h**2/2 - 2*h + 2. Determine t(-4).
2
Let i(j) = j**3 - 11*j**2 + 11*j - 16. Let g be i(10). Let n(m) = -m**2 - 7*m - 2. Determine n(g).
4
Let x(y) = 7 - 2*y - 3 + 1. What is x(4)?
-3
Let k(n) be the second derivative of n**3/6 + 2*n. Let v(m) = -m**3 + 12*m**2 - 10*m - 10. Let r be v(11). Give k(r).
1
Let y(a) = -a**2 - 1. Let u(f) = -2*f**2 + f - 4. Let x(w) = -u(w) + 5*y(w). Give x(-2).
-11
Let n(p) = -6*p**2 - p - 1. Suppose -2*b + 6 = 2*t, 2*b - b = -4*t + 9. Let d be -4*t/(-24)*-3. Calculate n(d).
-6
Suppose 0 = -4*q + 24 + 12. Let z = -7 + q. Let j(u) = -u**2 - u + 1. Let r(w) = w**3 - 3*w**2 - 5*w + 5. Let f(y) = -3*j(y) + r(y). What is f(z)?
6
Let t(m) = -m**2 + 21*m - 10*m - 6*m + 5. What is t(6)?
-1
Let d(k) = k**2 - 2*k + 3. Let t = 0 + -1. Let o = 2 + t. Suppose 2 = n - o. Give d(n).
6
Let x(r) = -r**3 + r**2 + 1. Let k(d) = -3*d**3 + 8*d**2 - 3*d - 1. Let y(p) = -k(p) + 2*x(p). Give y(5).
-7
Let q(g) = -66*g**2 - 5 + 1 + 4*g - g**3 + 69*g**2. Determine q(3).
8
Let p(t) be the second derivative of t**3/6 - 9*t**2/2 - 16*t. Calculate p(6).
-3
Let u(s) be the third derivative of -s**5/60 - s**4/24 + s**3/3 + 5*s**2. Suppose -w - 2*w = 0. What is u(w)?
2
Suppose -34 = 2*i - 0*i. Let y = 12 + i. Let r(p) = p - 7. Give r(y).
-12
Let t(i) = i + 2. Let j(c) = -c - 3. Let m(v) = -3*j(v) - 5*t(v). Determine m(-1).
1
Let s(t) be the first derivative of -t + 2*t**2 - 1/3*t**3 + 1. Let n = 222 - 217. Give s(n).
-6
Let o(p) = 2*p - 5. Let u(a) = 2*a**2 - 11*a + 10. Let l be u(5). Calculate o(l).
5
Let o(x) = x - 4. Let f(k) = -k**3 - 4*k**2 - 4*k. Let c be f(-3). What is o(c)?
-1
Let c(v) be the first derivative of v**3/3 + 3*v**2 + 2*v - 4. Calculate c(-4).
-6
Let w(d) = 6*d. Suppose 4*l + l - r = 6, r = 3*l - 4. Calculate w(l).
6
Let y(h) = -h**3 + 2*h**2 - 3*h + 1. Let o(q) = q**3 - 2*q**2 + q - 2. Let j be o(2). Suppose j*x + 14 = -2*x. Let f = x - -9. Give y(f).
-5
Let g be (-1)/(1/6) + -2. Let a be (-9 + 7)/((-2)/g). Let x(z) = -z - 8. Let f be x(a). Let u(h) = -h**3 + h**2 - h + 2. Calculate u(f).
2
Let p(k) = 5*k + 3. Let s(t) = 26*t + 14. Let j(c) = -16*p(c) + 3*s(c). Determine j(-4).
2
Let l = 3 - 2. Let w(r) be the third derivative of 0*r**3 - r**2 + 0*r - 7/60*r**5 - 1/24*r**4 + 0. Determine w(l).
-8
Let g(f) = -f**2 - 7*f + 9. Suppose o - 20 = 2*u - 0, -2*o - 16 = 3*u. What is g(u)?
1
Suppose o - 1 = 2. Suppose -o*h + s = 0, -h - 2*s = -0*s. Let p(x) = x + 2. Let r(k) = 4*k + 9. Let q(y) = -9*p(y) + 2*r(y). Calculate q(h).
0
Let k(a) = -2 + 5 + 5*a + 1 - 3. What is k(-2)?
-9
Let p(t) = -2*t**3 + 13*t**2 + 2*t - 7. Let m(f) = -f**3 + 7*f**2 + f - 4. Let u(k) = 11*m(k) - 6*p(k). What is u(2)?
0
Suppose -3*v = 4*v - 42. Let t(y) = -y + 8. What is t(v)?
2
Let s(m) = -2*m + 3*m + 0*m**2 - m**3 - 1 - 3 + 7*m**2. Calculate s(7).
3
Let u(d) = -4*d - 16. Let q be u(-3). Let r(y) = y**3 + 4*y**2 - y + 5. What is r(q)?
9
Let z(k) be the third derivative of k**4/12 + 11*k**3/6 - 10*k**2 - k. Calculate z(-8).
-5
Let o(j) = -2 - 16*j + 7*j + 10*j. What is o(-3)?
-5
Let i(h) be the second derivative of -h**5/20 + 2*h**4/3 - 7*h**3/6 - 3*h**2/2 + 5*h. What is i(7)?
-3
Let y(q) = -q - 4. Let f be 6/(-15) + 2/5. Suppose f*l - 3*l = 0. What is y(l)?
-4
Let n(o) = -2*o - 6. Let l(g) = -6*g - 17. Let h(b) = 6*l(b) - 17*n(b). Let p = 0 - -1. Determine h(p).
-2
Let s be 16/(-3) + (-2)/(-6). Let x = -10 - s. Let q(g) be the first derivative of g**2/2 + g - 4. What is q(x)?
-4
Suppose 2 = -3*t + 4*t. Let s(a) = -2*a - 1. What is s(t)?
-5
Suppose 0 = 5*y - 6 - 4. Suppose -2*o - 6 = -5*o. Let h(p) = 4*p**y + p**2 + 0*p**o. What is h(1)?
5
Suppose 0 = -7*a + 2*a - 10. Let x(s) = 40*s**2 + s + 3 + 3*s - 36*s**2. Calculate x(a).
11
Let p be (64/80)/((-2)/(-5)). Let l(h) = 2*h**3 - 4*h**2 + 2*h + 2. What is l(p)?
6
Suppose -2*g + j + 7 = 0, 0 = j - 6*j + 5. Let a be 3*(g/3 - 0). Let d(q) = -q**3 + 3*q**2 + q + 5. Determine d(a).
-7
Let g = 6 - 5. Let l(b) = -g - 1 + 1 - 4*b**2 - b + 10*b**2. Give l(-1).
6
Let l = -6 + 8. Suppose a - 3*a = -l. Suppose 0 = h - a + 5. Let z(v) = v**2 + 6*v + 5. What is z(h)?
-3
Let k(z) = z**3 - 8*z**2 + 11*z - 6. Suppose -13*x = -4*x - 63. Determine k(x).
22
Let h(l) = l**2 + 11*l - 6. Let j be h(-12). Suppose j*q - 11*q = 15. Let z(x) = x**3 + 4*x**2 + 5*x + 3. Determine z(q).
-3
Let u(j) = -j - 2. Let q be u(-7). Suppose 27 = -q*c - 3*m, -m - 9 = c - 2. Let v(b) = -b**2 - 5*b - 3. What is v(c)?
3
Let d(c) = -c. Let v(n) = n**2 + 8*n + 13. Let y be v(-6). Calculate d(y).
-1
Let w(c) = c**3 - 5*c**2 - 7*c - 5. Let g = -36 - -42. Determine w(g).
-11
Let b(u) = -u**3 + 2*u**2 + 2*u + 1. Let w be b(-1). Suppose -t = w*t - 18. Let d = t - 1. Let h(p) = 2*p - 7. Calculate h(d).
3
Let i(s) = s**3 - 2*s**2 - 3*s. Let k be i(3). Let t(a) = -a**2 + 1. Determine t(k).
1
Let w(r) = r**3 - 5*r**2 - 2*r + 6. Let n = 55 + -37. Let m be 2/(-9) - (-4)/n. Suppose 4*y - 16 - 4 = m. Give w(y).
-4
Let v = -13 - -20. Let k(t) = -t + 10. Determine k(v).
3
Let z = 136 - 142. Let y(f) = 3*f - 5. Give y(z).
-23
Suppose -5*k + 59 = 19. Suppose -4*r + k = -0*r. Let d(u) = 2*u + 1 + 2*u - 5*u. Give d(r).
-1
Let s(a) = -a**2 - 6*a + 1. Let o be s(-4). Suppose -15 = -5*v + 3*z, 4*z - o = -3*v + 2*z. Let g(f) = f**2 - 3*f - 2. Calculate g(v).
-2
Let k(y) = -4*y - 5. Let n = 10 - 4. Suppose 3*g + 4*s + 32 = 0, -n = -3*g + 4*s + 2. Determine k(g).
11
Let w(y) be the second derivative of -y**7/2520 - y**6/720 - y**5/120 - y**4/12 + 3*y. Let c(j) be the third derivative of w(j). Give c(0).
-1
Suppose 2 + 0 = 2*x. Let p(y) = -y**2 + y + 1. Let o(s) = 3*s**2 - 5*s - 3. Let c(n) = x*o(n) + 5*p(n). What is c(2)?
-6
Suppose -3*d = -5*h - 20, -h - 3*d + 19 = d. Let t(v) be the first derivative of 10*v**3/3 + v**2 + v + 1. Give t(h).
9
Let o(h) = -h. Let m(i) = -i**2 + 5*i - 8. Let r(a) = m(a) - 4*o(a). Determine r(6).
10
Let k be 2 - (-4 - (-2 - -2)). Let g(j) = 2*j**2 + j + 15. Let y(q) = -1 - 4*q**2 + 3*q**2 - 7 - q. Let s(f) = k*g(f) + 11*y(f). What is s(5)?
2
Let b(q) = -3 + 2*q**2 + 4 + 3*q - q**2. Let z be 1*(-4)/8*-4. Suppose 2*r + 14 = -2*h, h + 5*r = z*h - 23. Calculate b(h).
-1
Let l(h) = -2*h + 3. Let t be l(0). Let v(g) = 1 + 0*g**3 - g**2 - 5*g**t + 12*g - 13*g + 4*g**3. Let d(p) = -p + 2. Let w be d(1). What is v(w)?
-2
Let f(c) = -c**2 + 10*c + 6. Let o(t) = -2*t**2 + 19*t + 11. Suppose -5*g = 5*k + 65, 3*k + 28 = -4*g + 2*g. Let j(i) = g*f(i) + 6*o(i). Give j(4).
0
Let n(r) = -r + 4. Let m be ((-19)/(-5) - 3)*-5. Let a = 1 + -1. Let x = a - m. Calculate n(x).
0
Let u(c) = c + 7. Let y(i) = -i + 31. Let s(h) = -h + 21. Let x(m) = 7*s(m) - 5*y(m). Let a(p) = -3*u(p) - 2*x(p). Calculate a(6).
1
Let q(x) = -x**2 + 13*x - 27. Let b be q(3). Let h(u) = -u**3 + 2*u**2 + u + 2. Determine h(b).
-4
Let y(r) = -r**2 - 5*r - 2. Suppose 3 = 2*c + 11. Let b(i) be the second derivative of i**4/12 + i**3 + 2*i**2 - 2*i. Let v be b(c). Determine y(v).
2
Suppose 2*h + 3 + 3 = 0, 3*v = -h + 24. Let l(m) = -v*m**2 - m**3 + 2 + 8*m**2 + 5. Calculate l(0).
7
Let j be (-3 + 2 + 1)/2. Let y(g) = 61*g - 6 + 3 - 60*g. What is y(j)?
-3
Let a(q) = q**3 - 5*q**2 + 3*q. Let d(g) = g**3 - 3*g**2 + 2*g. Suppose 0*j 